o - 4, -4*k = -3*o - 1452265. Is k a composite number?
False
Let w(a) = 2*a**3 + 48*a**2 + 18*a + 46. Let h be w(-31). Let i = 21573 + h. Is i composite?
False
Let z(u) = u**3 + 40*u**2 - 55*u + 58. Let i be z(-25). Let h = i + -2247. Is h a prime number?
False
Suppose 16*h + 123516 - 514572 = 0. Is h a prime number?
False
Is 12 + -8 + ((-81533)/(-5) - (-24)/60) prime?
False
Let k(h) = 1160*h + 62. Let c be k(6). Let p be 5*6/(-6) + c. Let q = p - 3920. Is q prime?
False
Let r(u) = 4951*u + 484. Is r(9) composite?
True
Is -4 + (0 - -7) - -49*274*25 composite?
False
Let m = -2332 + 4556. Suppose z - y = -3*z - 8913, -m = z + 4*y. Let g = -279 - z. Is g a prime number?
True
Suppose 11 = -2*r + 13. Is 1 + 0 - (7 + (-4842 - r)) a prime number?
False
Suppose -1098*q = -1155*q + 11002767. Is q a prime number?
True
Let h(t) = 2*t**2 - 27*t + 36. Let x be h(12). Suppose -2*k + g = -x*k - 5479, 0 = 2*k + 4*g - 5494. Is k a prime number?
True
Suppose 0 = -4*v + x + 4801131, -4*v - 15*x + 14*x + 4801133 = 0. Is v a prime number?
False
Is 1 + (311626 + -6)/10 composite?
True
Let y(d) = 10 - 2 + 3*d + d + 2 + d**2 - d**3. Let v be y(8). Let i = -59 - v. Is i composite?
False
Let i(f) = -3*f + 36. Let u(l) = 3*l - 37. Let j(c) = 3*i(c) + 2*u(c). Let k be j(14). Let v(t) = -26*t + 13. Is v(k) a composite number?
True
Let z(r) = 107564*r - 1. Let g be z(-1). Let f = g + 34560. Is (f/65)/(-1) + (-4)/26 a composite number?
False
Suppose 53*j - 3139080 - 50044459 = 0. Is j prime?
True
Let s = -162 - -255. Suppose 5*v + 3*n - 57 = 0, -v - 2*n + 16 - 6 = 0. Is (2 - -10)*(-2 + s/v) composite?
True
Let j(d) be the first derivative of -21*d**4/2 + 2*d**3 + 7*d**2/2 + 11*d - 77. Is j(-4) a composite number?
False
Let p(h) = -13*h**3 - 80*h**2 - 1773*h + 17. Is p(-22) a prime number?
True
Let z(y) = -2344*y + 89. Let b(o) = -5*o**3 + 2*o**2 + 4*o - 4. Let d be b(1). Is z(d) composite?
False
Suppose -6*i + 10723 - 4206 = -73973. Is i a composite number?
True
Suppose -4462946 = -11*p + 7*p + 11*n, 3*p - 5*n - 3347203 = 0. Is p prime?
True
Suppose 2*j = -10, 1684 = k + 3*j - j. Suppose -199 = p - k. Suppose -3*h + p = x, 5*h + x - 71 - 2422 = 0. Is h a prime number?
True
Let i(k) = -k**3 + 6*k**2 + 2*k + 20. Let s(r) = -2*r**3 + 12*r**2 + 4*r + 39. Let z(a) = 7*i(a) - 4*s(a). Let m = 83 - 76. Is z(m) a composite number?
False
Let g = 35852 - -354795. Is g a composite number?
False
Suppose 2*s + 138873 = 3*f, 60*f = 59*f - s + 46286. Is f prime?
False
Suppose -u = 4*w - 395347, 3*u = 75*w - 72*w - 296514. Is w prime?
True
Suppose -3*r + 2*j + 20 = 0, 9*r + 5*j - 75 = 4*r. Let p(k) be the second derivative of 3*k**3/2 + 21*k**2/2 - 6*k. Is p(r) composite?
True
Let l(i) = 32683*i**2 + 341*i - 65. Is l(-5) composite?
True
Suppose -4*x + 71 - 39 = 0, -x = i - 654157. Is i a prime number?
True
Let h = -649 - -969. Suppose -10*y + 0*y = h. Is 16/y + (-10086)/(-4) composite?
False
Suppose 43104 = -w + 7*w. Let q = -11302 + w. Let g = 10123 + q. Is g composite?
True
Let f(w) = 222*w**2 - 319*w + 318. Is f(1) a composite number?
True
Let h(b) = 405*b**2 - 11*b + 27. Let n be h(6). Suppose -n = -9*k + 4557. Let w = k - 1455. Is w composite?
True
Let i be (1 + -4)*(-3 - -1). Suppose 4*o - o + 23 = -2*t, 0 = 2*o + i. Let k(v) = v**3 + 10*v**2 + 7*v + 11. Is k(t) composite?
False
Suppose 4*x + 5*g - 25 = 0, 5*x + 0*x = g + 24. Suppose 0 = 2*h - x*f + 11, 15 = 5*h + f + 2. Is (13/(-13))/(h/(-134)) composite?
False
Suppose 5*q + o - 39568 = 0, -3*o = -4*q + 2*o + 31666. Suppose -7*t + t = -q. Is t prime?
True
Let z be (-6)/((-16)/8) + (1 - 19012). Let q = z - -103057. Is q a prime number?
False
Let c be (2 - -3) + -7 + 201. Suppose -19201 = c*k - 206*k. Is k prime?
False
Is (59303538/(-72))/((-84)/48) prime?
True
Suppose -15*y + 14*y = -2. Suppose -y*l + 8414 = 10*i - 6*i, -l = i - 2106. Is i a composite number?
True
Let l = -96 - -92. Let z be l/14 + (-1 - (-38625)/21). Is (-9 - -10)/(2/z) prime?
True
Let b(t) = 4846*t**2 + 104*t - 985. Is b(8) a prime number?
False
Let k(z) = -4*z**3 + 3*z**2 + 3*z + 1. Let t be k(-1). Suppose 3*h + 2*h + 20 = t*y, -2*h - 8 = 0. Is ((-3 + y)*1 - -194)/1 prime?
True
Suppose b - 2 = 0, 0 = -4*g + 2*b - 4147 - 1469. Let u = 2305 + g. Suppose 0 = -3*c + 5*l + 1877, 4*c = -2*l + 1618 + u. Is c a composite number?
True
Suppose 125*a + 6 = 131*a. Is (49/98)/(a/14114) prime?
True
Let y = 43 - 40. Suppose 0 = y*s + 2*t + 2*t + 34, -8 = -2*s + 5*t. Is (-3285)/s + 4/(-8)*1 a prime number?
True
Suppose 78*y - 441 = 57*y. Let g(a) = 13*a**2 + 13*a + 221. Is g(y) a composite number?
True
Let t be 115485/120 + (-3)/8. Suppose -m + 4*z = t, 0*m = 4*m + 4*z + 3868. Is ((-1)/(-2))/((-3)/m) a composite number?
True
Let g(t) = 77*t - 13*t - 26 + 21*t. Let q be g(-8). Let u = q + 1029. Is u prime?
False
Let i be -1 + 0 + 0 + 2. Suppose 3 = -3*a - b, -5*a + b + 2 - 15 = 0. Is (a + i + 2)*7 a prime number?
True
Let v(n) be the third derivative of n**6/60 - 11*n**5/60 - n**4/2 - n**3/3 + 19*n**2. Is v(9) prime?
True
Is 3 + 61323 - (-8 - -4 - 1) a composite number?
False
Is ((-80922)/(-15))/((-84)/(-2310)) prime?
False
Let v = 10059 - 5853. Suppose 13*w - 32 = -3*w. Suppose -v = -4*o - w*o. Is o a composite number?
False
Suppose 15 - 1 = 7*a. Let d be 3/2*(a - 0). Is -319*1/(-3)*d a composite number?
True
Let n(p) = 4*p**3 - 2*p**2 - 9*p + 9. Let j be n(-7). Is (((-100)/(-30))/(-5))/(4/j) prime?
True
Let i = 317 + -314. Suppose -2*v = -3*r - 17986, 0 = -2*v - i*r - 6888 + 24898. Is v a composite number?
False
Let v(j) = -32*j - 5. Let g = -98 + 58. Let i be (6 - 0)/(30/g). Is v(i) prime?
True
Let t(p) = p**3 + 18*p**2 - 2*p - 8. Suppose -6*i - 64 = 2*i. Let z be t(i). Suppose -5*m = z - 9283. Is m a composite number?
True
Let p be 3*21/9*-3. Let d = 25 + p. Suppose i - 1213 = -d*l, 4*i - 3124 - 1692 = -4*l. Is i a composite number?
False
Let l(b) = 628*b - 6662. Is l(27) a prime number?
False
Let j(z) = -z**3 - 6*z**2 + z + 4. Let d be j(-6). Let s be (2/(-4))/(2/(d - 18)). Suppose s*q + 6*q = 27049. Is q composite?
False
Suppose -2*b + 7*u + 99876 = -165227, -b = 3*u - 132532. Is b a prime number?
True
Let b(f) = -2760*f - 11. Suppose -16*w - 44 = 6*w. Is b(w) a composite number?
True
Let h = -784 - -618. Let d = 1221 + h. Is d a composite number?
True
Suppose 8*y = 6*y - 5*j + 19261, 0 = -5*y - 5*j + 48175. Suppose -4*d - 16*g + 14*g + y = 0, 3*g + 2392 = d. Is d composite?
True
Let w = 10 - 9. Let s be 3/(-3) - w - -221. Let h = s - -1204. Is h a prime number?
True
Suppose -g = 0, 5*g - 45 = -5*t + 40. Let o be 0 - -170 - (t - 13). Suppose 55 = -f + o. Is f composite?
True
Let j(w) = -4*w**3 - 37*w**2 - 7*w + 145. Is j(-31) a prime number?
True
Let i be (3 - 88/40)*(2 + -7). Let m(f) = -6*f**3 + f**2 - 7*f - 9. Is m(i) a prime number?
True
Let j(p) be the third derivative of -p**6/30 + 3*p**5/20 + p**4/2 + 14*p**3/3 + 6*p**2 + 5. Is j(-7) composite?
True
Let y = 9 - -101. Let p = y - 122. Is (-2)/p*-7522*-3 a prime number?
True
Is (3519900/(-40) - -12)*2/(-3) prime?
True
Let t be ((-7)/((-42)/22840))/((-38)/(-57)). Suppose t = 3*i + y, 5366 = 4*i + 4*y - 2250. Is i prime?
False
Let j(r) = -r**3 + 9*r**2 + 10 - 41 + 7*r - 18*r - 32*r - r. Is j(-15) prime?
True
Let s be (122 - 124)/((2/137931)/2). Is s/(-92) + 2/4 a composite number?
False
Suppose 4*s - 699034 = -2*f, 2*s - 56164 = f - 405645. Is f a prime number?
True
Let o be 140/16 + 8 + 3/(-4). Is ((419/(-5))/1)/(o/(-80)) a composite number?
False
Let r(l) = -l**2 - 4*l - 3. Let f be r(-4). Let u(m) = 2*m**3 + 4*m**2 + m + 1. Let k be u(f). Let w(a) = a**3 + 21*a**2 + 11*a + 43. Is w(k) composite?
False
Let d = 100 - 97. Suppose -2*q - 5*p + 24 = 0, q = -3*q + 5*p - 12. Suppose q*b - 4*l + 970 = 7*b, -d*b + 5*l = -582. Is b composite?
True
Let n(c) = c**2 + 3*c - 6. Let y be n(6). Let z = y - 43. Suppose -z*g + 195 = -320. Is g a composite number?
False
Let c(z) = 6932*z + 159. Let j(r) = 3*r - 127. Let m be j(44). Is c(m) a prime number?
True
Let i(s) = 81*s**2 - 3*s + 9. Let g be i(6). Suppose -10470 = -19*h - 4010 + 10393. Suppose -4*o - h + g = 0. Is o a composite number?
True
Let y = 29 + -26. Let s(b) = 9*b**3 - 6*b**2 + 1 - 2*b + 0*b + 3*b**2 + 6. Is s(y) composite?
True
Let y(z) = 178*z**2 + 407*z - 30. Is y(